{"id":3141,"date":"2022-03-24T18:09:30","date_gmt":"2022-03-24T18:09:30","guid":{"rendered":"https:\/\/invict.com.co\/kaymera\/?page_id=3141"},"modified":"2022-04-21T18:04:56","modified_gmt":"2022-04-21T18:04:56","slug":"precio-telefono-encriptado-kaymera","status":"publish","type":"page","link":"https:\/\/invict.com.co\/kaymera\/precio-telefono-encriptado-kaymera\/","title":{"rendered":"Precio Tel\u00e9fono Encriptado Kaymera"},"content":{"rendered":"\t\t<div data-elementor-type=\"wp-page\" data-elementor-id=\"3141\" class=\"elementor elementor-3141\">\n\t\t\t\t\t\t<section class=\"has_eae_slider elementor-section elementor-top-section elementor-element elementor-element-9cbe3ef elementor-section-boxed elementor-section-height-default elementor-section-height-default\" data-eae-slider=\"89225\" data-id=\"9cbe3ef\" data-element_type=\"section\" data-e-type=\"section\" data-settings=\"{&quot;background_background&quot;:&quot;classic&quot;}\">\n\t\t\t\t\t\t<div class=\"elementor-container elementor-column-gap-default\">\n\t\t\t\t\t<div class=\"has_eae_slider elementor-column elementor-col-100 elementor-top-column elementor-element elementor-element-1d33ad5\" data-eae-slider=\"64031\" data-id=\"1d33ad5\" data-element_type=\"column\" data-e-type=\"column\">\n\t\t\t<div class=\"elementor-widget-wrap elementor-element-populated\">\n\t\t\t\t\t\t<div class=\"elementor-element elementor-element-f8dc493 elementor-widget elementor-widget-spacer\" data-id=\"f8dc493\" data-element_type=\"widget\" data-e-type=\"widget\" data-widget_type=\"spacer.default\">\n\t\t\t\t<div class=\"elementor-widget-container\">\n\t\t\t\t\t\t\t<div class=\"elementor-spacer\">\n\t\t\t<div class=\"elementor-spacer-inner\"><\/div>\n\t\t<\/div>\n\t\t\t\t\t\t<\/div>\n\t\t\t\t<\/div>\n\t\t\t\t<div class=\"elementor-element elementor-element-336274c elementor-widget elementor-widget-text-editor\" data-id=\"336274c\" data-element_type=\"widget\" data-e-type=\"widget\" data-widget_type=\"text-editor.default\">\n\t\t\t\t<div class=\"elementor-widget-container\">\n\t\t\t\t\t\t\t\t\t<p>TEL\u00c9FONO ENCRIPTADO KAYMERA PRECIOS EXPRESADOS EN PESOS COLOMBIANOS<\/p>\t\t\t\t\t\t\t\t<\/div>\n\t\t\t\t<\/div>\n\t\t\t\t<div class=\"elementor-element elementor-element-350ff12 elementor-widget elementor-widget-text-editor\" data-id=\"350ff12\" data-element_type=\"widget\" data-e-type=\"widget\" data-widget_type=\"text-editor.default\">\n\t\t\t\t<div class=\"elementor-widget-container\">\n\t\t\t\t\t\t\t\t\tTel\u00e9fono Encriptado KAYMERA:  <br\/>\n<span style=\"color: #e4524c;\">el smartphone m\u00e1s seguro del mundo<\/span>.\t\t\t\t\t\t\t\t<\/div>\n\t\t\t\t<\/div>\n\t\t\t\t<div class=\"elementor-element elementor-element-a12d6a1 elementor-widget elementor-widget-text-editor\" data-id=\"a12d6a1\" data-element_type=\"widget\" data-e-type=\"widget\" data-widget_type=\"text-editor.default\">\n\t\t\t\t<div class=\"elementor-widget-container\">\n\t\t\t\t\t\t\t\t\t<div><b><span lang=\"ES\">Smartphone Encriptado<\/span><\/b><\/div><div><span lang=\"ES\"> <b>Grado Militar<\/b> basado en un tel\u00e9fono de gama alta y el Sistema Operativo Altamente Seguro <b>(OS)<\/b> de <b>KAYMERA<\/b> que brinda <b>Protecci\u00f3n Total<\/b> ante cualquier amenaza m\u00f3vil y vector de ataque.<\/span><\/div>\t\t\t\t\t\t\t\t<\/div>\n\t\t\t\t<\/div>\n\t\t\t\t<div class=\"elementor-element elementor-element-4473c0e elementor-align-center elementor-widget elementor-widget-button\" data-id=\"4473c0e\" data-element_type=\"widget\" data-e-type=\"widget\" data-widget_type=\"button.default\">\n\t\t\t\t<div class=\"elementor-widget-container\">\n\t\t\t\t\t\t\t\t\t<div class=\"elementor-button-wrapper\">\n\t\t\t\t\t<a class=\"elementor-button elementor-button-link elementor-size-sm\" href=\"https:\/\/invict.com.co\/kaymera\/contacto\/\">\n\t\t\t\t\t\t<span class=\"elementor-button-content-wrapper\">\n\t\t\t\t\t\t\t\t\t<span class=\"elementor-button-text\">CONT\u00c1CTANOS<\/span>\n\t\t\t\t\t<\/span>\n\t\t\t\t\t<\/a>\n\t\t\t\t<\/div>\n\t\t\t\t\t\t\t\t<\/div>\n\t\t\t\t<\/div>\n\t\t\t\t<div class=\"elementor-element elementor-element-8c4356c elementor-widget elementor-widget-spacer\" data-id=\"8c4356c\" data-element_type=\"widget\" data-e-type=\"widget\" data-widget_type=\"spacer.default\">\n\t\t\t\t<div class=\"elementor-widget-container\">\n\t\t\t\t\t\t\t<div class=\"elementor-spacer\">\n\t\t\t<div class=\"elementor-spacer-inner\"><\/div>\n\t\t<\/div>\n\t\t\t\t\t\t<\/div>\n\t\t\t\t<\/div>\n\t\t\t\t\t<\/div>\n\t\t<\/div>\n\t\t\t\t\t<\/div>\n\t\t<\/section>\n\t\t\t\t<section class=\"has_eae_slider elementor-section elementor-top-section elementor-element elementor-element-903408b elementor-section-boxed elementor-section-height-default elementor-section-height-default\" data-eae-slider=\"86195\" data-id=\"903408b\" data-element_type=\"section\" data-e-type=\"section\">\n\t\t\t\t\t\t<div class=\"elementor-container elementor-column-gap-default\">\n\t\t\t\t\t<div class=\"has_eae_slider elementor-column elementor-col-100 elementor-top-column elementor-element elementor-element-26cd57d\" data-eae-slider=\"87032\" data-id=\"26cd57d\" data-element_type=\"column\" data-e-type=\"column\">\n\t\t\t<div class=\"elementor-widget-wrap elementor-element-populated\">\n\t\t\t\t\t\t<div class=\"elementor-element elementor-element-2be6040 elementor-widget elementor-widget-spacer\" data-id=\"2be6040\" data-element_type=\"widget\" data-e-type=\"widget\" data-widget_type=\"spacer.default\">\n\t\t\t\t<div class=\"elementor-widget-container\">\n\t\t\t\t\t\t\t<div class=\"elementor-spacer\">\n\t\t\t<div class=\"elementor-spacer-inner\"><\/div>\n\t\t<\/div>\n\t\t\t\t\t\t<\/div>\n\t\t\t\t<\/div>\n\t\t\t\t\t<\/div>\n\t\t<\/div>\n\t\t\t\t\t<\/div>\n\t\t<\/section>\n\t\t\t\t<section class=\"has_eae_slider elementor-section elementor-top-section elementor-element elementor-element-928fbde elementor-section-boxed elementor-section-height-default elementor-section-height-default\" data-eae-slider=\"77671\" data-id=\"928fbde\" data-element_type=\"section\" data-e-type=\"section\">\n\t\t\t\t\t\t<div class=\"elementor-container elementor-column-gap-default\">\n\t\t\t\t\t<div class=\"has_eae_slider elementor-column elementor-col-33 elementor-top-column elementor-element elementor-element-701c388\" data-eae-slider=\"64431\" data-id=\"701c388\" data-element_type=\"column\" data-e-type=\"column\">\n\t\t\t<div class=\"elementor-widget-wrap elementor-element-populated\">\n\t\t\t\t\t\t<div class=\"elementor-element elementor-element-7e42e0e elementor-widget elementor-widget-image\" data-id=\"7e42e0e\" data-element_type=\"widget\" data-e-type=\"widget\" data-widget_type=\"image.default\">\n\t\t\t\t<div class=\"elementor-widget-container\">\n\t\t\t\t\t\t\t\t\t\t\t\t\t\t\t<img decoding=\"async\" width=\"140\" height=\"338\" src=\"https:\/\/invict.com.co\/kaymera\/wp-content\/uploads\/2022\/03\/telefonoprecios.png\" class=\"attachment-full size-full wp-image-3148\" alt=\"\" srcset=\"https:\/\/invict.com.co\/kaymera\/wp-content\/uploads\/2022\/03\/telefonoprecios.png 140w, https:\/\/invict.com.co\/kaymera\/wp-content\/uploads\/2022\/03\/telefonoprecios-124x300.png 124w\" sizes=\"(max-width: 140px) 100vw, 140px\" \/>\t\t\t\t\t\t\t\t\t\t\t\t\t\t\t<\/div>\n\t\t\t\t<\/div>\n\t\t\t\t\t<\/div>\n\t\t<\/div>\n\t\t\t\t<div class=\"has_eae_slider elementor-column elementor-col-66 elementor-top-column elementor-element elementor-element-27308ed\" data-eae-slider=\"93517\" data-id=\"27308ed\" data-element_type=\"column\" data-e-type=\"column\">\n\t\t\t<div class=\"elementor-widget-wrap elementor-element-populated\">\n\t\t\t\t\t\t<div class=\"elementor-element elementor-element-7a637fb elementor-widget elementor-widget-text-editor\" data-id=\"7a637fb\" data-element_type=\"widget\" data-e-type=\"widget\" data-widget_type=\"text-editor.default\">\n\t\t\t\t<div class=\"elementor-widget-container\">\n\t\t\t\t\t\t\t\t\t<table width=\"425\"><tbody><tr><td width=\"293\"><strong>Concepto<\/strong><\/td><td width=\"132\"><strong>Precio <\/strong><em>(c\/IVA 19%)<\/em><\/td><\/tr><tr><td width=\"293\">Licencia de 12 meses de servicio del <strong>OS KAYMERA<\/strong><\/td><td width=\"132\">$ 12.500.000<\/td><\/tr><tr><td width=\"293\">Equipo <strong>Google Pixel 3aXL 64GB\u00a0<\/strong>[Renovado Cat-A.]<\/td><td width=\"132\">$ 2.200.000<\/td><\/tr><tr><td width=\"293\"><strong>Total<\/strong><\/td><td width=\"132\"><strong>$ 14.700.000<\/strong><\/td><\/tr><\/tbody><\/table><p><em>\u00a0<\/em><\/p><ul><li>Precios expresados en pesos colombianos (COP$) y sujetos a variaci\u00f3n<\/li><li><em>Garant\u00eda de 90 d\u00edas para el Equipo Google Pixel.<\/em><\/li><li><em>Incluye la instalaci\u00f3n, configuraci\u00f3n y activaci\u00f3n del OS <strong>KAYMERA<\/strong>.<\/em><\/li><li><em>Incluye env\u00edo del equipo al domicilio del cliente dentro de Colombia.<\/em><\/li><li><em>NO incluye el costo de la l\u00ednea celular o paquete de datos m\u00f3viles.<\/em><\/li><li><em>NO incluye el costo del servicio de Enlaces Semi-Seguros de Voz.<\/em><\/li><\/ul>\t\t\t\t\t\t\t\t<\/div>\n\t\t\t\t<\/div>\n\t\t\t\t\t<\/div>\n\t\t<\/div>\n\t\t\t\t\t<\/div>\n\t\t<\/section>\n\t\t\t\t<section class=\"has_eae_slider elementor-section elementor-top-section elementor-element elementor-element-d4c796b elementor-section-boxed elementor-section-height-default elementor-section-height-default\" data-eae-slider=\"7411\" data-id=\"d4c796b\" data-element_type=\"section\" data-e-type=\"section\" data-settings=\"{&quot;background_background&quot;:&quot;classic&quot;}\">\n\t\t\t\t\t\t\t<div class=\"elementor-background-overlay\"><\/div>\n\t\t\t\t\t\t\t<div class=\"elementor-container elementor-column-gap-default\">\n\t\t\t\t\t<div class=\"has_eae_slider elementor-column elementor-col-33 elementor-top-column elementor-element elementor-element-41e93f7f\" data-eae-slider=\"46481\" data-id=\"41e93f7f\" data-element_type=\"column\" data-e-type=\"column\">\n\t\t\t<div class=\"elementor-widget-wrap elementor-element-populated\">\n\t\t\t\t\t\t<section class=\"has_eae_slider elementor-section elementor-inner-section elementor-element elementor-element-614e8d0 elementor-section-boxed elementor-section-height-default elementor-section-height-default\" data-eae-slider=\"34139\" data-id=\"614e8d0\" data-element_type=\"section\" data-e-type=\"section\" data-settings=\"{&quot;background_background&quot;:&quot;classic&quot;}\">\n\t\t\t\t\t\t<div class=\"elementor-container elementor-column-gap-default\">\n\t\t\t\t\t<div class=\"has_eae_slider elementor-column elementor-col-100 elementor-inner-column elementor-element elementor-element-58006abd\" data-eae-slider=\"55352\" data-id=\"58006abd\" data-element_type=\"column\" data-e-type=\"column\">\n\t\t\t<div class=\"elementor-widget-wrap elementor-element-populated\">\n\t\t\t\t\t\t<div class=\"elementor-element elementor-element-406f0a03 elementor-widget elementor-widget-heading\" data-id=\"406f0a03\" data-element_type=\"widget\" data-e-type=\"widget\" data-widget_type=\"heading.default\">\n\t\t\t\t<div class=\"elementor-widget-container\">\n\t\t\t\t\t<h2 class=\"elementor-heading-title elementor-size-default\">C\u00f3mo te podemos ayudar<\/h2>\t\t\t\t<\/div>\n\t\t\t\t<\/div>\n\t\t\t\t<div class=\"elementor-element elementor-element-d98966d elementor-widget elementor-widget-htcontactform-addons\" data-id=\"d98966d\" data-element_type=\"widget\" data-e-type=\"widget\" data-widget_type=\"htcontactform-addons.default\">\n\t\t\t\t<div class=\"elementor-widget-container\">\n\t\t\t\t\t            <div class=\"htcontact-form-wrapper\" >\n                \n<div class=\"wpcf7 no-js\" id=\"wpcf7-f380-o1\" lang=\"es-ES\" dir=\"ltr\" data-wpcf7-id=\"380\">\n<div class=\"screen-reader-response\"><p role=\"status\" aria-live=\"polite\" aria-atomic=\"true\"><\/p> <ul><\/ul><\/div>\n<form action=\"\/kaymera\/wp-json\/wp\/v2\/pages\/3141#wpcf7-f380-o1\" method=\"post\" class=\"wpcf7-form init\" aria-label=\"Formulario de contacto\" novalidate=\"novalidate\" data-status=\"init\">\n<fieldset class=\"hidden-fields-container\"><input type=\"hidden\" name=\"_wpcf7\" value=\"380\" \/><input type=\"hidden\" name=\"_wpcf7_version\" value=\"6.1.5\" \/><input type=\"hidden\" name=\"_wpcf7_locale\" value=\"es_ES\" \/><input type=\"hidden\" name=\"_wpcf7_unit_tag\" value=\"wpcf7-f380-o1\" \/><input type=\"hidden\" name=\"_wpcf7_container_post\" value=\"0\" \/><input type=\"hidden\" name=\"_wpcf7_posted_data_hash\" value=\"\" \/>\n<\/fieldset>\n<p><span class=\"wpcf7-form-control-wrap\" data-name=\"your-name\"><input size=\"40\" maxlength=\"400\" class=\"wpcf7-form-control wpcf7-text wpcf7-validates-as-required\" aria-required=\"true\" aria-invalid=\"false\" placeholder=\"Nombre*\" value=\"\" type=\"text\" name=\"your-name\" \/><\/span>\n<\/p>\n<p><span class=\"wpcf7-form-control-wrap\" data-name=\"your-email\"><input size=\"40\" maxlength=\"400\" class=\"wpcf7-form-control wpcf7-email wpcf7-validates-as-required wpcf7-text wpcf7-validates-as-email\" aria-required=\"true\" aria-invalid=\"false\" placeholder=\"Email*\" value=\"\" type=\"email\" name=\"your-email\" \/><\/span>\n<\/p>\n<p><span class=\"wpcf7-form-control-wrap intl_tel-635\"><input class=\"wpcf7-form-control wpcf7-intl_tel wpcf7-validates-as-required wpcf7-intl-tel\" aria-required=\"true\" aria-invalid=\"false\" data-initialcountry=\"co\" value=\"\" type=\"tel\" name=\"intl_tel-635-cf7it-national\" \/><input name=\"intl_tel-635\" type=\"hidden\" class=\"wpcf7-intl-tel-full\" \/><input type=\"hidden\" name=\"intl_tel-635-cf7it-country-name\" class=\"wpcf7-intl-tel-country-name\" \/><input type=\"hidden\" name=\"intl_tel-635-cf7it-country-code\" class=\"wpcf7-intl-tel-country-code\" \/><input type=\"hidden\" name=\"intl_tel-635-cf7it-country-iso2\" class=\"wpcf7-intl-tel-country-iso2\" \/><\/span><br \/>\n<span class=\"wpcf7-form-control-wrap\" data-name=\"acceptance-651\"><span class=\"wpcf7-form-control wpcf7-acceptance\"><span class=\"wpcf7-list-item\"><label><input type=\"checkbox\" name=\"acceptance-651\" value=\"1\" aria-invalid=\"false\" \/><span class=\"wpcf7-list-item-label\">Acepto t\u00e9rminos y condiciones<\/span><\/label><\/span><\/span><\/span>\n<\/p>\n<p><input class=\"wpcf7-form-control wpcf7-submit has-spinner\" type=\"submit\" value=\"Contacta ahora\" \/>\n<\/p>\n<style>.wpcf7-form input[type=\"text\"], input[type=\"email\"], input[type=\"url\"], input[type=\"password\"], input[type=\"search\"], input[type=\"number\"], input[type=\"tel\"], input[type=\"range\"], input[type=\"date\"], input[type=\"month\"], input[type=\"week\"], input[type=\"time\"], input[type=\"datetime\"], input[type=\"datetime-local\"], input[type=\"color\"], select, textarea {width:100% !important;}\n<\/style><div class=\"wpcf7-response-output\" aria-hidden=\"true\"><\/div>\n<\/form>\n<\/div>\n            <\/div>\n\n        \t\t\t\t<\/div>\n\t\t\t\t<\/div>\n\t\t\t\t\t<\/div>\n\t\t<\/div>\n\t\t\t\t\t<\/div>\n\t\t<\/section>\n\t\t\t\t\t<\/div>\n\t\t<\/div>\n\t\t\t\t<div class=\"has_eae_slider elementor-column elementor-col-66 elementor-top-column elementor-element elementor-element-73db814a\" data-eae-slider=\"94801\" data-id=\"73db814a\" data-element_type=\"column\" data-e-type=\"column\">\n\t\t\t<div class=\"elementor-widget-wrap\">\n\t\t\t\t\t\t\t<\/div>\n\t\t<\/div>\n\t\t\t\t\t<\/div>\n\t\t<\/section>\n\t\t\t\t<\/div>\n\t\t","protected":false},"excerpt":{"rendered":"<p>TEL\u00c9FONO ENCRIPTADO KAYMERA PRECIOS EXPRESADOS EN PESOS COLOMBIANOS Tel\u00e9fono Encriptado KAYMERA: el smartphone m\u00e1s seguro del mundo.Smartphone Encriptado Grado Militar basado en un tel\u00e9fono de gama alta y el Sistema Operativo Altamente Seguro (OS) de KAYMERA que brinda Protecci\u00f3n Total ante cualquier amenaza m\u00f3vil y vector de ataque. CONT\u00c1CTANOS Concepto Precio (c\/IVA 19%) Licencia de&hellip;&nbsp;<a href=\"https:\/\/invict.com.co\/kaymera\/precio-telefono-encriptado-kaymera\/\" rel=\"bookmark\">Leer m\u00e1s &raquo;<span class=\"screen-reader-text\">Precio Tel\u00e9fono Encriptado Kaymera<\/span><\/a><\/p>\n","protected":false},"author":1,"featured_media":0,"parent":0,"menu_order":0,"comment_status":"closed","ping_status":"closed","template":"elementor_header_footer","meta":{"neve_meta_sidebar":"","neve_meta_container":"","neve_meta_enable_content_width":"","neve_meta_content_width":0,"neve_meta_title_alignment":"","neve_meta_author_avatar":"","neve_post_elements_order":"","neve_meta_disable_header":"","neve_meta_disable_footer":"","neve_meta_disable_title":"","footnotes":""},"class_list":["post-3141","page","type-page","status-publish","hentry"],"yoast_head":"<!-- This site is optimized with the Yoast SEO plugin v27.1.1 - https:\/\/yoast.com\/product\/yoast-seo-wordpress\/ -->\n<title>Precio Tel\u00e9fono Encriptado Kaymera - Kaymera by Invict<\/title>\n<meta name=\"robots\" content=\"index, follow, max-snippet:-1, max-image-preview:large, max-video-preview:-1\" \/>\n<link rel=\"canonical\" href=\"https:\/\/invict.com.co\/kaymera\/precio-telefono-encriptado-kaymera\/\" \/>\n<meta property=\"og:locale\" content=\"es_ES\" \/>\n<meta property=\"og:type\" content=\"article\" \/>\n<meta property=\"og:title\" content=\"Precio Tel\u00e9fono Encriptado Kaymera - Kaymera by Invict\" \/>\n<meta property=\"og:description\" content=\"TEL\u00c9FONO ENCRIPTADO KAYMERA PRECIOS EXPRESADOS EN PESOS COLOMBIANOS Tel\u00e9fono Encriptado KAYMERA: el smartphone m\u00e1s seguro del mundo.Smartphone Encriptado Grado Militar basado en un tel\u00e9fono de gama alta y el Sistema Operativo Altamente Seguro (OS) de KAYMERA que brinda Protecci\u00f3n Total ante cualquier amenaza m\u00f3vil y vector de ataque. CONT\u00c1CTANOS Concepto Precio (c\/IVA 19%) Licencia de&hellip;&nbsp;Leer m\u00e1s &raquo;Precio Tel\u00e9fono Encriptado Kaymera\" \/>\n<meta property=\"og:url\" content=\"https:\/\/invict.com.co\/kaymera\/precio-telefono-encriptado-kaymera\/\" \/>\n<meta property=\"og:site_name\" content=\"Kaymera by Invict\" \/>\n<meta property=\"article:modified_time\" content=\"2022-04-21T18:04:56+00:00\" \/>\n<meta property=\"og:image\" content=\"https:\/\/invict.com.co\/kaymera\/wp-content\/uploads\/2022\/03\/telefonoprecios.png\" \/>\n<meta name=\"twitter:card\" content=\"summary_large_image\" \/>\n<meta name=\"twitter:label1\" content=\"Tiempo de lectura\" \/>\n\t<meta name=\"twitter:data1\" content=\"2 minutos\" \/>\n<script type=\"application\/ld+json\" class=\"yoast-schema-graph\">{\"@context\":\"https:\/\/schema.org\",\"@graph\":[{\"@type\":\"WebPage\",\"@id\":\"https:\/\/invict.com.co\/kaymera\/precio-telefono-encriptado-kaymera\/\",\"url\":\"https:\/\/invict.com.co\/kaymera\/precio-telefono-encriptado-kaymera\/\",\"name\":\"Precio Tel\u00e9fono Encriptado Kaymera - Kaymera by Invict\",\"isPartOf\":{\"@id\":\"https:\/\/invict.com.co\/kaymera\/#website\"},\"primaryImageOfPage\":{\"@id\":\"https:\/\/invict.com.co\/kaymera\/precio-telefono-encriptado-kaymera\/#primaryimage\"},\"image\":{\"@id\":\"https:\/\/invict.com.co\/kaymera\/precio-telefono-encriptado-kaymera\/#primaryimage\"},\"thumbnailUrl\":\"https:\/\/invict.com.co\/kaymera\/wp-content\/uploads\/2022\/03\/telefonoprecios.png\",\"datePublished\":\"2022-03-24T18:09:30+00:00\",\"dateModified\":\"2022-04-21T18:04:56+00:00\",\"breadcrumb\":{\"@id\":\"https:\/\/invict.com.co\/kaymera\/precio-telefono-encriptado-kaymera\/#breadcrumb\"},\"inLanguage\":\"es\",\"potentialAction\":[{\"@type\":\"ReadAction\",\"target\":[\"https:\/\/invict.com.co\/kaymera\/precio-telefono-encriptado-kaymera\/\"]}]},{\"@type\":\"ImageObject\",\"inLanguage\":\"es\",\"@id\":\"https:\/\/invict.com.co\/kaymera\/precio-telefono-encriptado-kaymera\/#primaryimage\",\"url\":\"https:\/\/invict.com.co\/kaymera\/wp-content\/uploads\/2022\/03\/telefonoprecios.png\",\"contentUrl\":\"https:\/\/invict.com.co\/kaymera\/wp-content\/uploads\/2022\/03\/telefonoprecios.png\",\"width\":140,\"height\":338},{\"@type\":\"BreadcrumbList\",\"@id\":\"https:\/\/invict.com.co\/kaymera\/precio-telefono-encriptado-kaymera\/#breadcrumb\",\"itemListElement\":[{\"@type\":\"ListItem\",\"position\":1,\"name\":\"Portada\",\"item\":\"https:\/\/invict.com.co\/kaymera\/\"},{\"@type\":\"ListItem\",\"position\":2,\"name\":\"Precio Tel\u00e9fono Encriptado Kaymera\"}]},{\"@type\":\"WebSite\",\"@id\":\"https:\/\/invict.com.co\/kaymera\/#website\",\"url\":\"https:\/\/invict.com.co\/kaymera\/\",\"name\":\"Kaymera by Invict\",\"description\":\"High-end mobile security\",\"potentialAction\":[{\"@type\":\"SearchAction\",\"target\":{\"@type\":\"EntryPoint\",\"urlTemplate\":\"https:\/\/invict.com.co\/kaymera\/?s={search_term_string}\"},\"query-input\":{\"@type\":\"PropertyValueSpecification\",\"valueRequired\":true,\"valueName\":\"search_term_string\"}}],\"inLanguage\":\"es\"}]}<\/script>\n<!-- \/ Yoast SEO plugin. -->","yoast_head_json":{"title":"Precio Tel\u00e9fono Encriptado Kaymera - Kaymera by Invict","robots":{"index":"index","follow":"follow","max-snippet":"max-snippet:-1","max-image-preview":"max-image-preview:large","max-video-preview":"max-video-preview:-1"},"canonical":"https:\/\/invict.com.co\/kaymera\/precio-telefono-encriptado-kaymera\/","og_locale":"es_ES","og_type":"article","og_title":"Precio Tel\u00e9fono Encriptado Kaymera - Kaymera by Invict","og_description":"TEL\u00c9FONO ENCRIPTADO KAYMERA PRECIOS EXPRESADOS EN PESOS COLOMBIANOS Tel\u00e9fono Encriptado KAYMERA: el smartphone m\u00e1s seguro del mundo.Smartphone Encriptado Grado Militar basado en un tel\u00e9fono de gama alta y el Sistema Operativo Altamente Seguro (OS) de KAYMERA que brinda Protecci\u00f3n Total ante cualquier amenaza m\u00f3vil y vector de ataque. CONT\u00c1CTANOS Concepto Precio (c\/IVA 19%) Licencia de&hellip;&nbsp;Leer m\u00e1s &raquo;Precio Tel\u00e9fono Encriptado Kaymera","og_url":"https:\/\/invict.com.co\/kaymera\/precio-telefono-encriptado-kaymera\/","og_site_name":"Kaymera by Invict","article_modified_time":"2022-04-21T18:04:56+00:00","og_image":[{"url":"https:\/\/invict.com.co\/kaymera\/wp-content\/uploads\/2022\/03\/telefonoprecios.png","type":"","width":"","height":""}],"twitter_card":"summary_large_image","twitter_misc":{"Tiempo de lectura":"2 minutos"},"schema":{"@context":"https:\/\/schema.org","@graph":[{"@type":"WebPage","@id":"https:\/\/invict.com.co\/kaymera\/precio-telefono-encriptado-kaymera\/","url":"https:\/\/invict.com.co\/kaymera\/precio-telefono-encriptado-kaymera\/","name":"Precio Tel\u00e9fono Encriptado Kaymera - Kaymera by Invict","isPartOf":{"@id":"https:\/\/invict.com.co\/kaymera\/#website"},"primaryImageOfPage":{"@id":"https:\/\/invict.com.co\/kaymera\/precio-telefono-encriptado-kaymera\/#primaryimage"},"image":{"@id":"https:\/\/invict.com.co\/kaymera\/precio-telefono-encriptado-kaymera\/#primaryimage"},"thumbnailUrl":"https:\/\/invict.com.co\/kaymera\/wp-content\/uploads\/2022\/03\/telefonoprecios.png","datePublished":"2022-03-24T18:09:30+00:00","dateModified":"2022-04-21T18:04:56+00:00","breadcrumb":{"@id":"https:\/\/invict.com.co\/kaymera\/precio-telefono-encriptado-kaymera\/#breadcrumb"},"inLanguage":"es","potentialAction":[{"@type":"ReadAction","target":["https:\/\/invict.com.co\/kaymera\/precio-telefono-encriptado-kaymera\/"]}]},{"@type":"ImageObject","inLanguage":"es","@id":"https:\/\/invict.com.co\/kaymera\/precio-telefono-encriptado-kaymera\/#primaryimage","url":"https:\/\/invict.com.co\/kaymera\/wp-content\/uploads\/2022\/03\/telefonoprecios.png","contentUrl":"https:\/\/invict.com.co\/kaymera\/wp-content\/uploads\/2022\/03\/telefonoprecios.png","width":140,"height":338},{"@type":"BreadcrumbList","@id":"https:\/\/invict.com.co\/kaymera\/precio-telefono-encriptado-kaymera\/#breadcrumb","itemListElement":[{"@type":"ListItem","position":1,"name":"Portada","item":"https:\/\/invict.com.co\/kaymera\/"},{"@type":"ListItem","position":2,"name":"Precio Tel\u00e9fono Encriptado Kaymera"}]},{"@type":"WebSite","@id":"https:\/\/invict.com.co\/kaymera\/#website","url":"https:\/\/invict.com.co\/kaymera\/","name":"Kaymera by Invict","description":"High-end mobile security","potentialAction":[{"@type":"SearchAction","target":{"@type":"EntryPoint","urlTemplate":"https:\/\/invict.com.co\/kaymera\/?s={search_term_string}"},"query-input":{"@type":"PropertyValueSpecification","valueRequired":true,"valueName":"search_term_string"}}],"inLanguage":"es"}]}},"_links":{"self":[{"href":"https:\/\/invict.com.co\/kaymera\/wp-json\/wp\/v2\/pages\/3141","targetHints":{"allow":["GET"]}}],"collection":[{"href":"https:\/\/invict.com.co\/kaymera\/wp-json\/wp\/v2\/pages"}],"about":[{"href":"https:\/\/invict.com.co\/kaymera\/wp-json\/wp\/v2\/types\/page"}],"author":[{"embeddable":true,"href":"https:\/\/invict.com.co\/kaymera\/wp-json\/wp\/v2\/users\/1"}],"replies":[{"embeddable":true,"href":"https:\/\/invict.com.co\/kaymera\/wp-json\/wp\/v2\/comments?post=3141"}],"version-history":[{"count":9,"href":"https:\/\/invict.com.co\/kaymera\/wp-json\/wp\/v2\/pages\/3141\/revisions"}],"predecessor-version":[{"id":3782,"href":"https:\/\/invict.com.co\/kaymera\/wp-json\/wp\/v2\/pages\/3141\/revisions\/3782"}],"wp:attachment":[{"href":"https:\/\/invict.com.co\/kaymera\/wp-json\/wp\/v2\/media?parent=3141"}],"curies":[{"name":"wp","href":"https:\/\/api.w.org\/{rel}","templated":true}]}}